
What is the hundred thousands digit of 4941108872?
1
What is the hundred thousands digit of 676866874?
8
What is the hundred millions digit of 180438034?
1
What is the millions digit of 24721680?
4
What is the hundred thousands digit of 2287310203?
3
What is the millions digit of 2352824622?
2
What is the hundred thousands digit of 99673519?
6
What is the ten thousands digit of 494603917?
0
What is the ten millions digit of 454526717?
5
What is the hundreds digit of 459908002?
0
What is the billions digit of 2211070627?
2
What is the ten thousands digit of 1471919605?
1
What is the ten millions digit of 319519524?
1
What is the thousands digit of 1392537140?
7
What is the millions digit of 2539199042?
9
What is the tens digit of 4975102202?
0
What is the ten thousands digit of 2369137911?
3
What is the ten thousands digit of 1362795712?
9
What is the ten millions digit of 15278587?
1
What is the tens digit of 383571296?
9
What is the units digit of 152048407?
7
What is the hundreds digit of 31006734?
7
What is the hundred millions digit of 140201274?
1
What is the ten thousands digit of 105428242?
2
What is the ten thousands digit of 1205555036?
5
What is the hundred thousands digit of 160600923?
6
What is the ten thousands digit of 760281312?
8
What is the ten thousands digit of 41255524?
5
What is the hundreds digit of 7285655502?
5
What is the hundred thousands digit of 385314831?
3
What is the hundred millions digit of 874769857?
8
What is the billions digit of 1284374602?
1
What is the hundred millions digit of 469812754?
4
What is the tens digit of 67620641?
4
What is the millions digit of 18485263?
8
What is the hundred millions digit of 412174001?
4
What is the hundred millions digit of 189260153?
1
What is the hundreds digit of 2659350200?
2
What is the millions digit of 1623226299?
3
What is the hundred thousands digit of 82439511?
4
What is the millions digit of 123673855?
3
What is the thousands digit of 19583469?
3
What is the thousands digit of 42455804?
5
What is the ten thousands digit of 350751206?
5
What is the units digit of 4959287755?
5
What is the hundred millions digit of 445683622?
4
What is the units digit of 1092087515?
5
What is the hundred thousands digit of 9835287007?
2
What is the millions digit of 200995833?
0
What is the millions digit of 34659237?
4
What is the hundred millions digit of 4686255929?
6
What is the tens digit of 5258993712?
1
What is the tens digit of 4587049723?
2
What is the ten millions digit of 695252641?
9
What is the units digit of 974984821?
1
What is the hundreds digit of 143633891?
8
What is the ten thousands digit of 449594113?
9
What is the hundred thousands digit of 927975000?
9
What is the hundred thousands digit of 297256796?
2
What is the millions digit of 26643144?
6
What is the ten millions digit of 301286741?
0
What is the tens digit of 21473520?
2
What is the ten millions digit of 1268096365?
6
What is the units digit of 916364423?
3
What is the units digit of 532480578?
8
What is the ten millions digit of 77940242?
7
What is the thousands digit of 520428207?
8
What is the millions digit of 4588672290?
8
What is the hundreds digit of 1020950036?
0
What is the units digit of 3854753924?
4
What is the units digit of 20936546?
6
What is the hundreds digit of 4699984?
9
What is the millions digit of 2687314972?
7
What is the ten millions digit of 514982584?
1
What is the ten millions digit of 100039398?
0
What is the hundreds digit of 2200963086?
0
What is the tens digit of 321554445?
4
What is the ten millions digit of 1902236043?
0
What is the millions digit of 269839205?
9
What is the hundred thousands digit of 204202782?
2
What is the ten thousands digit of 22662132?
6
What is the ten thousands digit of 140351050?
5
What is the tens digit of 1005127553?
5
What is the hundred millions digit of 613108769?
6
What is the hundreds digit of 3206276?
2
What is the thousands digit of 8813813?
3
What is the hundred thousands digit of 1312969959?
9
What is the hundred thousands digit of 278510458?
5
What is the ten millions digit of 103898206?
0
What is the hundred thousands digit of 336135219?
1
What is the hundred thousands digit of 397698197?
6
What is the ten thousands digit of 192325660?
2
What is the ten millions digit of 2023672933?
2
What is the hundred thousands digit of 77421784?
4
What is the thousands digit of 216921049?
1
What is the millions digit of 24702366?
4
What is the hundred thousands digit of 56990263?
9
What is the hundreds digit of 202912366?
3
What is the hundred thousands digit of 14376873?
3
What is the millions digit of 31305583?
1
What is the millions digit of 87719701?
7
What is the millions digit of 604777961?
4
What is the hundreds digit of 10179579?
5
What is the thousands digit of 215222884?
2
What is the billions digit of 1561337580?
1
What is the hundred thousands digit of 1171718390?
7
What is the tens digit of 197774644?
4
What is the ten millions digit of 63540187?
6
What is the ten millions digit of 237725796?
3
What is the millions digit of 23486419?
3
What is the millions digit of 369884995?
9
What is the ten millions digit of 87391137?
8
What is the tens digit of 1954808886?
8
What is the hundreds digit of 72214074?
0
What is the ten thousands digit of 74891770?
9
What is the ten millions digit of 2279003029?
7
What is the hundreds digit of 322295413?
4
What is the ten millions digit of 2357381699?
5
What is the units digit of 4516789?
9
What is the hundreds digit of 40600734?
7
What is the ten thousands digit of 2295007375?
0
What is the hundred millions digit of 2256854334?
2
What is the thousands digit of 11033547?
3
What is the ten millions digit of 2671533166?
7
What is the units digit of 246472066?
6
What is the units digit of 362581086?
6
What is the ten millions digit of 44658747?
4
What is the hundred millions digit of 149628898?
1
What is the ten thousands digit of 357385251?
8
What is the ten millions digit of 68362353?
6
What is the hundreds digit of 374074733?
7
What is the hundred millions digit of 8009571244?
0
What is the hundreds digit of 93693724?
7
What is the hundred thousands digit of 1578050945?
0
What is the hundreds digit of 37905403?
4
What is the thousands digit of 437117071?
7
What is the thousands digit of 343772524?
2
What is the units digit of 935521726?
6
What is the units digit of 37688031?
1
What is the hundreds digit of 55869451?
4
What is the millions digit of 2197328615?
7
What is the ten millions digit of 29994297?
2
What is the units digit of 308809502?
2
What is the millions digit of 750886098?
0
What is the hundred thousands digit of 505884901?
8
What is the thousands digit of 209895692?
5
What is the hundreds digit of 54272?
2
What is the hundred thousands digit of 55534562?
5
What is the ten thousands digit of 3779763226?
6
What is the units digit of 88168569?
9
What is the units digit of 581787116?
6
What is the thousands digit of 17346190?
6
What is the hundreds digit of 34081015?
0
What is the hundred thousands digit of 151205979?
2
What is the ten thousands digit of 6913932871?
3
What is the tens digit of 13416188?
8
What is the units digit of 347708041?
1
What is the hundred thousands digit of 3770341783?
3
What is the hundred thousands digit of 7906069?
9
What is the ten thousands digit of 238640880?
4
What is the ten millions digit of 2800488383?
0
What is the tens digit of 48006460?
6
What is the ten thousands digit of 195192531?
9
What is the hundred millions digit of 1798043557?
7
What is the tens digit of 266253489?
8
What is the ten millions digit of 30328745?
3
What is the tens digit of 23753036?
3
What is the hundred thousands digit of 1156745144?
7
What is the millions digit of 4655229301?
5
What is the millions digit of 69073566?
9
What is the units digit of 198300468?
8
What is the millions digit of 651631894?
1
What is the millions digit of 31179829?
1
What is the units digit of 31725312?
2
What is the tens digit of 37783178?
7
What is the ten thousands digit of 36899273?
9
What is the thousands digit of 73520878?
0
What is the ten millions digit of 139408509?
3
What is the thousands digit of 1744068223?
8
What is the hundred thousands digit of 875856125?
8
What is the ten million